q**2 - 62*q + 323. Calculate the remainder when 1801 is divided by a(-35).
38
Let z(u) = -12*u + 170. Let w be z(12). Suppose -15*x + 64 + w = 0. Calculate the remainder when 10 is divided by x.
4
Let a = 1758 - 1727. Calculate the remainder when 165 is divided by a.
10
What is the remainder when (-1047)/(-1396) + (-18666)/(-8) is divided by 195?
189
Calculate the remainder when (-85)/(-1020) + (-7270)/(-24) is divided by 27.
6
Let n(b) = b**2 - 24*b + 65. Let v be n(21). Suppose -4*x + 5*s = -97, 0*s - 62 = -4*x - v*s. What is the remainder when 178 is divided by x?
16
Let d(m) = 198*m - 7906. Calculate the remainder when d(46) is divided by 392.
26
Let n = -243 - -260. Suppose 24*u = n*u + 1197. What is the remainder when u is divided by 35?
31
Calculate the remainder when 6193 is divided by (531/(-3))/(12 - 13).
175
Suppose -a - 35 = -4*q + 2*a, -3*a + 10 = 5*q. Suppose -308 = -4*y + 2*z, 4*y - q*y = -4*z - 77. What is the remainder when y is divided by 26?
25
Suppose 4*q + 5*b = 183, 2*q = -b - 34 + 127. Let d = q + -32. Let g(n) = -154*n**2 + 1092*n - 69. Calculate the remainder when g(7) is divided by d.
14
Suppose 0 = l + m - 2 - 15, 2*m = l - 20. Calculate the remainder when 232 is divided by (6 - 18)*((-102)/l - -2).
12
Suppose -r = 2*r + 5*y - 30, -3*y = -9. Suppose -41 = -4*a + r*d, 5*a - 4*a - d = 11. What is the remainder when 39 is divided by a?
11
Let h = -63 - -63. Suppose h = -19*j + 5*j + 490. Let d(n) = -3*n. Calculate the remainder when j is divided by d(-4).
11
Let p(z) = 265*z**3 - 6*z**2 + 24*z - 40. What is the remainder when p(3) is divided by 87?
86
Let y = -10842 - -12395. Calculate the remainder when y is divided by 27.
14
Suppose 5*j = -276 + 26. Suppose 0 = 46*k - 78*k - 1440. Let t = k - j. What is the remainder when 38 is divided by t?
3
Let g = -54 + 135. Let z = g - 79. Calculate the remainder when (62/(-14) + z/14)*-7 is divided by 17.
13
Let a = 9770 + -9036. Calculate the remainder when a is divided by 30.
14
Suppose -145 = -9*z + 4*z. Suppose -35 + 43 = 2*i. Suppose -3*g - 3 = 0, 0*o + i*g = -3*o + 26. What is the remainder when z is divided by o?
9
What is the remainder when 14/(-16)*(-156 - -116) is divided by 10?
5
Suppose -h + 13 + 6 = -a, 2*a + 12 = 0. What is the remainder when 112 is divided by h?
8
Suppose 6 + 36 = 3*t. Let r(s) = s**2 - 18*s + 56. Let g be r(22). Let z = 225 - g. What is the remainder when z is divided by t?
11
Let f = -12 - -25. Suppose 2*h + d = 20, 3*h - f - 19 = -2*d. Calculate the remainder when 51/(-136) + 307/h is divided by 13.
12
Suppose -18*b = -24*b + 3720. Suppose -4*d - b = -14*d. Calculate the remainder when 185 is divided by d.
61
Let u(k) = 2*k**2 + 7*k - 11. Let m be u(-5). Suppose -2*p + 6 = -0*p, -5*p - 17 = -2*s. What is the remainder when m/8*180/2 is divided by s?
13
Suppose b - 763 = 14*v - 19*v, 2*v = 2*b - 1550. Calculate the remainder when b is divided by 254.
11
Suppose 13*t + 1176 = 26*t + 71*t. Calculate the remainder when 1660 is divided by t.
8
Let y(w) = -3*w**2 - 43*w - 94. Calculate the remainder when 1286 is divided by y(-11).
6
Let j(l) = -34*l + 970. What is the remainder when j(25) is divided by 57?
6
Suppose 65 = -2*k + 7*k + a, 2*k + 4*a - 8 = 0. Let u(o) = -o**3 + 14*o**2 + 2*o + 46. What is the remainder when 218 is divided by u(k)?
70
Let s = 2450 - 2391. What is the remainder when 193 is divided by s?
16
Suppose 9*b + 63520 = 80854. What is the remainder when b is divided by 963?
0
Suppose -c - 2*b = -36 + 7, -c + b + 14 = 0. Calculate the remainder when 1594 is divided by c.
17
Suppose 2*k - 3*k - 5*a - 12 = 0, 2*k + a = -6. What is the remainder when 34 is divided by 2/(k/3) - (-120)/8?
10
Suppose 0 = 3*k + k - 120. Let j(m) = -m**2 - 42*m - 179. Let i be j(-32). Let o = i + -134. Calculate the remainder when k is divided by o.
2
Let d(f) = 48*f**2 - 1. What is the remainder when d(1) is divided by (4/12)/((-84)/(-3024))?
11
Suppose -1204 = 6*k - 3028. Calculate the remainder when k is divided by 59.
9
Let d = 2357 + -2355. What is the remainder when 2*((-92)/(-8) + 3) is divided by d?
1
Let n = -85 + 177. Let w = 136 - n. Suppose -110 + w = -2*g. What is the remainder when g is divided by 13?
7
Calculate the remainder when 63835/60 - 4 - 27/(-324) is divided by 209.
15
Let y(l) = 63*l**2 + 287*l + 1755. Calculate the remainder when y(-6) is divided by 18.
15
Suppose 7*c - 68 + 54 = 0. Suppose 2*l + c = n - 13, -93 = -4*n - 3*l. Calculate the remainder when 125 is divided by n.
20
Let w(b) = -b**2 + 82*b + 2441. Calculate the remainder when w(71) is divided by 30.
12
Let s = -25682 - -26396. What is the remainder when s is divided by 60?
54
Suppose -3*s - 2*o = -99, s - 3*o - 16 = 2*o. Suppose -2*w - s - 87 = 0. Let r = -24 - w. What is the remainder when r is divided by 4?
3
Let v = -79 - -84. Suppose 12*d = 14*d + 4*h - 28, 0 = -v*d + 5*h + 85. Calculate the remainder when 1/(1/(-2)) + 79 is divided by d.
13
Let k be ((-5)/2)/((-6)/120 + 0). Suppose -k*v = -52*v + 1078. What is the remainder when v is divided by 12?
11
Suppose 5*s - 5*f - 40 = 0, -4*s - 5*f = -8*s + 36. Let l = -53 + 24. Let b = l - -33. What is the remainder when s is divided by b?
0
Suppose -711 = -17*l + 3267. Suppose 4*p + 3*y = 5*p - 30, p + 4*y = -5. Suppose p*f = 9*f + l. Calculate the remainder when 114 is divided by f.
36
Let l(s) = 2*s**2 + s - 48. Let m be l(0). Let i be (-3)/(-2) - 4152/m. Let f = i - 80. Calculate the remainder when 19 is divided by f.
3
Let z(w) = -w**2 - 51*w - 487. What is the remainder when 914 is divided by z(-38)?
4
Suppose 40*s - 42*s + l = -99, 5*l + 71 = 2*s. Let t(z) = -2*z + 2. Calculate the remainder when s is divided by t(-3).
5
Suppose 0 = 2*g - b - 5530, 0 = -2*g + 2*b + 7848 - 2316. What is the remainder when g is divided by 95?
9
Let q(v) = v**3 + 11*v**2 + 4*v - 38. Suppose -3*n - 4*o = -43, 0 = -4*n - o + 3*o + 50. What is the remainder when q(-10) is divided by n?
9
Suppose -4*c - 5*n = 3677, -4*c - 4*n + 1091 - 4767 = 0. Let s = -837 - c. What is the remainder when s is divided by 12?
9
What is the remainder when -31*13/52*(-3 + -369) is divided by 13?
10
Let v be 3/(-6)*(0 + 2). Let b be 2/(-1) - -5 - v. Suppose b*y + 37 = 5*y. Calculate the remainder when 107 is divided by y.
33
Let v be 158/4 - -6*2/8. Let g = v - 41. Suppose 2*j + 4*k = 104, 4*j + 6*k - 8*k - 168 = g. What is the remainder when 85 is divided by j?
41
Let o(f) = -f**3 - 24*f**2 - 55*f - 181. What is the remainder when 398 is divided by o(-22)?
32
Suppose 21*l - 2006 = -620. What is the remainder when 109 is divided by l?
43
What is the remainder when 2771 is divided by (-21)/7 + 4 + 21?
21
Let k = 13015 + -12648. Calculate the remainder when 1475 is divided by k.
7
Suppose -2*a - 43 + 59 = -18. Calculate the remainder when 187 is divided by a.
0
Suppose -4*g + 21 = -3*c - 26, 0 = 3*g + 5*c - 28. Let r(i) = 65 - 64 + 9*i**3 - 3*i - 13*i**3. What is the remainder when r(-2) is divided by g?
6
Suppose 28 = 3*l - 4*b, -4*l + b - 2*b + 31 = 0. Let c(h) = -143*h + 296*h + 17 - h**3 - 148*h - 4 + 8*h**2. What is the remainder when c(l) is divided by 29?
24
Suppose 21*p = -4*v + 17*p + 4212, 3*v - 3160 = -2*p. Calculate the remainder when v is divided by 33.
31
Suppose 9*o + 23 = 59. Suppose -o*t = -3*b + 82, -5*t = -b - 3*b + 110. Calculate the remainder when 44 is divided by b.
14
Let j(d) = -d**2 + 35*d - 192. Let l be j(11). Suppose 3*o + l = -y + 205, -5*y = -4*o - 570. Calculate the remainder when y is divided by 31.
25
Suppose -15*w - 51 = -5*g - 14*w, -2*w = 2*g - 30. Let l(f) = f**2 - 6*f + 47. Let c(s) = -5*s - 9. What is the remainder when l(g) is divided by c(-7)?
24
Calculate the remainder when (-130)/(-7*(-4)/(-70)) is divided by 47.
43
Suppose -1170*r + 594*r + 586*r = 26000. What is the remainder when r is divided by 1294?
12
Let f(k) = k**3 - 4*k**2 - 37*k + 181. Calculate the remainder when 408 is divided by f(7).
63
Suppose -2746 - 660 = -75*f + 1094. What is the remainder when 231 is divided by f?
51
Let w(n) = 75*n**2 - 1924*n + 7709. What is the remainder when w(4) is divided by 94?
85
Let k be (0/(14/(-7)))/(-1). What is the remainder when 184/92 + 109*(k + 1) is divided by 28?
27
Let a(d) = -d**3 + 10*d**2 - 13*d - 10. Suppose